{"id":47,"date":"2022-01-05T14:30:00","date_gmt":"2022-01-05T13:30:00","guid":{"rendered":"https:\/\/unicov.pravoslavi.cz\/?page_id=47"},"modified":"2024-12-24T17:04:06","modified_gmt":"2024-12-24T16:04:06","slug":"bohosluzby","status":"publish","type":"page","link":"https:\/\/unicov.pravoslavi.cz\/?page_id=47","title":{"rendered":"Bohoslu\u017eby Uni\u010dov"},"content":{"rendered":"\n<p><strong>Bohoslu\u017eby se konaj\u00ed v kapli sv. Vzk\u0159\u00ed\u0161en\u00ed na m\u011bstsk\u00e9m h\u0159bitov\u011b v Uni\u010dov\u011b ka\u017edou ned\u011bli <\/strong>a vybran\u00e9 sv\u00e1tky <strong>mimo posledn\u00ed ned\u011bli v m\u011bs\u00edci<\/strong>, kdy slou\u017e\u00edme v Libin\u011b. <strong>Za\u010d\u00e1tek je v\u017edy v 10.30 hod. <\/strong>pokud nen\u00ed uvedeno jinak viz <a href=\"https:\/\/unicov.pravoslavi.cz\/?page_id=67\" data-type=\"URL\" data-id=\"https:\/\/unicov.pravoslavi.cz\/?page_id=67\">rozvrh<\/a>.<\/p>\n\n\n\n<div class=\"wp-block-image is-style-rounded\"><figure class=\"aligncenter size-large is-resized\"><a href=\"https:\/\/en.mapy.cz\/zakladni?x=17.1174087&amp;y=49.7663859&amp;z=18&amp;l=0&amp;q=tovelsk%C3%A1%20uni%C4%8Dov&amp;source=base&amp;id=2074361&amp;ds=2\" target=\"_blank\" rel=\"noopener\"><img loading=\"lazy\" src=\"https:\/\/unicov.pravoslavi.cz\/wp-content\/uploads\/2022\/01\/unicov.jpg\" alt=\"\" class=\"wp-image-48\" width=\"226\" height=\"408\" srcset=\"https:\/\/unicov.pravoslavi.cz\/wp-content\/uploads\/2022\/01\/unicov.jpg 386w, https:\/\/unicov.pravoslavi.cz\/wp-content\/uploads\/2022\/01\/unicov-166x300.jpg 166w\" sizes=\"(max-width: 226px) 100vw, 226px\" \/><\/a><\/figure><\/div>\n\n\n\n<p><\/p>\n","protected":false},"excerpt":{"rendered":"<p>Bohoslu\u017eby se konaj\u00ed v kapli sv. Vzk\u0159\u00ed\u0161en\u00ed na m\u011bstsk\u00e9m h\u0159bitov\u011b v Uni\u010dov\u011b ka\u017edou ned\u011bli a vybran\u00e9 sv\u00e1tky mimo posledn\u00ed ned\u011bli v m\u011bs\u00edci, kdy slou\u017e\u00edme v Libin\u011b. Za\u010d\u00e1tek je v\u017edy v 10.30 hod. pokud nen\u00ed uvedeno jinak viz rozvrh.<\/p>\n","protected":false},"author":2,"featured_media":0,"parent":0,"menu_order":0,"comment_status":"closed","ping_status":"closed","template":"","meta":{"ngg_post_thumbnail":0},"_links":{"self":[{"href":"https:\/\/unicov.pravoslavi.cz\/index.php?rest_route=\/wp\/v2\/pages\/47"}],"collection":[{"href":"https:\/\/unicov.pravoslavi.cz\/index.php?rest_route=\/wp\/v2\/pages"}],"about":[{"href":"https:\/\/unicov.pravoslavi.cz\/index.php?rest_route=\/wp\/v2\/types\/page"}],"author":[{"embeddable":true,"href":"https:\/\/unicov.pravoslavi.cz\/index.php?rest_route=\/wp\/v2\/users\/2"}],"replies":[{"embeddable":true,"href":"https:\/\/unicov.pravoslavi.cz\/index.php?rest_route=%2Fwp%2Fv2%2Fcomments&post=47"}],"version-history":[{"count":8,"href":"https:\/\/unicov.pravoslavi.cz\/index.php?rest_route=\/wp\/v2\/pages\/47\/revisions"}],"predecessor-version":[{"id":79,"href":"https:\/\/unicov.pravoslavi.cz\/index.php?rest_route=\/wp\/v2\/pages\/47\/revisions\/79"}],"wp:attachment":[{"href":"https:\/\/unicov.pravoslavi.cz\/index.php?rest_route=%2Fwp%2Fv2%2Fmedia&parent=47"}],"curies":[{"name":"wp","href":"https:\/\/api.w.org\/{rel}","templated":true}]}}